{"id":132,"date":"2018-12-29T00:50:04","date_gmt":"2018-12-29T00:50:04","guid":{"rendered":"https:\/\/jaen.aisgan.org\/?page_id=132"},"modified":"2018-12-29T00:50:04","modified_gmt":"2018-12-29T00:50:04","slug":"con-el-medio-ambiente","status":"publish","type":"page","link":"https:\/\/jaen.aisgan.org\/?page_id=132","title":{"rendered":"Con el Medio Ambiente"},"content":{"rendered":"<p style=\"text-align: justify;\"><img loading=\"lazy\" decoding=\"async\" class=\"alignleft size-thumbnail wp-image-133\" src=\"https:\/\/jaen.aisgan.org\/wp-content\/uploads\/2018\/12\/Con-el-Medio-Ambiente-150x150.jpg\" alt=\"\" width=\"150\" height=\"150\" srcset=\"https:\/\/jaen.aisgan.org\/wp-content\/uploads\/2018\/12\/Con-el-Medio-Ambiente-150x150.jpg 150w, https:\/\/jaen.aisgan.org\/wp-content\/uploads\/2018\/12\/Con-el-Medio-Ambiente-100x100.jpg 100w\" sizes=\"auto, (max-width: 150px) 100vw, 150px\" \/>Lo\u00a0ponemos en pr\u00e1ctica:<\/p>\n<p style=\"text-align: justify;\">\u2022 Campa\u00f1as formativas acerca de la conveniencia, necesidad y utilidad de la Recuperaci\u00f3n, Reutilizaci\u00f3n y Reciclado (las tres erres) de los residuos as\u00ed como acerca de los medios, infraestructuras y servicios disponibles para ello.<\/p>\n<p style=\"text-align: justify;\">\u2022 Campa\u00f1as de concienciaci\u00f3n acerca de las buenas pr\u00e1cticas ciudadanas, industriales y de consumo responsable posibilitadoras de un Desarrollo Sostenible.<\/p>\n<p style=\"text-align: justify;\">\u2022 La difusi\u00f3n acerca de los beneficios y posibilidades reales de utilizaci\u00f3n de energ\u00edas alternativas renovables en el \u00e1mbito dom\u00e9stico.<\/p>\n<p style=\"text-align: justify;\">\u2022 La colaboraci\u00f3n y participaci\u00f3n con las campa\u00f1as de denuncia de atentados contra el medio ambiente.<\/p>\n<p style=\"text-align: justify;\">\u2022 La colaboraci\u00f3n y participaci\u00f3n en campa\u00f1as de recuperaci\u00f3n y\/o restauraci\u00f3n de montes, bosques y riveras de r\u00edos as\u00ed como de espacios de especial valor ecol\u00f3gico.<\/p>\n<p style=\"text-align: justify;\">\u2022 La colaboraci\u00f3n y participaci\u00f3n en campa\u00f1as de protecci\u00f3n de especies aut\u00f3ctonas en peligro de extinci\u00f3n, de su h\u00e1bitat y en la protecci\u00f3n de nuestra biodiversidad.<\/p>\n<p style=\"text-align: justify;\">Todo ello especialmente en nuestro \u00e1mbito geogr\u00e1fico de actuaci\u00f3n.<\/p>\n","protected":false},"excerpt":{"rendered":"<p>Lo\u00a0ponemos en pr\u00e1ctica: \u2022 Campa\u00f1as formativas acerca de la conveniencia, necesidad y utilidad de la Recuperaci\u00f3n, Reutilizaci\u00f3n y Reciclado (las tres erres) de los residuos as\u00ed como acerca de los medios, infraestructuras y servicios disponibles para ello. \u2022 Campa\u00f1as de concienciaci\u00f3n acerca de las buenas pr\u00e1cticas ciudadanas, industriales y de&#8230; <a class=\"continue-reading-link\" href=\"https:\/\/jaen.aisgan.org\/?page_id=132\">Leer m\u00e1s&#8230;<\/a><\/p>\n","protected":false},"author":6,"featured_media":0,"parent":0,"menu_order":0,"comment_status":"closed","ping_status":"closed","template":"","meta":{"ngg_post_thumbnail":0,"footnotes":""},"class_list":["post-132","page","type-page","status-publish","hentry"],"_links":{"self":[{"href":"https:\/\/jaen.aisgan.org\/index.php?rest_route=\/wp\/v2\/pages\/132","targetHints":{"allow":["GET"]}}],"collection":[{"href":"https:\/\/jaen.aisgan.org\/index.php?rest_route=\/wp\/v2\/pages"}],"about":[{"href":"https:\/\/jaen.aisgan.org\/index.php?rest_route=\/wp\/v2\/types\/page"}],"author":[{"embeddable":true,"href":"https:\/\/jaen.aisgan.org\/index.php?rest_route=\/wp\/v2\/users\/6"}],"replies":[{"embeddable":true,"href":"https:\/\/jaen.aisgan.org\/index.php?rest_route=%2Fwp%2Fv2%2Fcomments&post=132"}],"version-history":[{"count":1,"href":"https:\/\/jaen.aisgan.org\/index.php?rest_route=\/wp\/v2\/pages\/132\/revisions"}],"predecessor-version":[{"id":135,"href":"https:\/\/jaen.aisgan.org\/index.php?rest_route=\/wp\/v2\/pages\/132\/revisions\/135"}],"wp:attachment":[{"href":"https:\/\/jaen.aisgan.org\/index.php?rest_route=%2Fwp%2Fv2%2Fmedia&parent=132"}],"curies":[{"name":"wp","href":"https:\/\/api.w.org\/{rel}","templated":true}]}}

<p style="text-align: justify;"><img loading="lazy" decoding="async" class="alignleft size-thumbnail wp-image-133" src="https://jaen.aisgan.org/wp-content/uploads/2018/12/Con-el-Medio-Ambiente-150x150.jpg" alt="" width="150" height="150" srcset="https://jaen.aisgan.org/wp-content/uploads/2018/12/Con-el-Medio-Ambiente-150x150.jpg 150w, https://jaen.aisgan.org/wp-content/uploads/2018/12/Con-el-Medio-Ambiente-100x100.jpg 100w" sizes="auto, (max-width: 150px) 100vw, 150px" />Lo ponemos en práctica:</p>
<p style="text-align: justify;">• Campañas formativas acerca de la conveniencia, necesidad y utilidad de la Recuperación, Reutilización y Reciclado (las tres erres) de los residuos así como acerca de los medios, infraestructuras y servicios disponibles para ello.</p>
<p style="text-align: justify;">• Campañas de concienciación acerca de las buenas prácticas ciudadanas, industriales y de consumo responsable posibilitadoras de un Desarrollo Sostenible.</p>
<p style="text-align: justify;">• La difusión acerca de los beneficios y posibilidades reales de utilización de energías alternativas renovables en el ámbito doméstico.</p>
<p style="text-align: justify;">• La colaboración y participación con las campañas de denuncia de atentados contra el medio ambiente.</p>
<p style="text-align: justify;">• La colaboración y participación en campañas de recuperación y/o restauración de montes, bosques y riveras de ríos así como de espacios de especial valor ecológico.</p>
<p style="text-align: justify;">• La colaboración y participación en campañas de protección de especies autóctonas en peligro de extinción, de su hábitat y en la protección de nuestra biodiversidad.</p>
<p style="text-align: justify;">Todo ello especialmente en nuestro ámbito geográfico de actuación.</p>

<p>Lo ponemos en práctica: • Campañas formativas acerca de la conveniencia, necesidad y utilidad de la Recuperación, Reutilización y Reciclado (las tres erres) de los residuos así como acerca de los medios, infraestructuras y servicios disponibles para ello. • Campañas de concienciación acerca de las buenas prácticas ciudadanas, industriales y de&#8230; <a class="continue-reading-link" href="https://jaen.aisgan.org/?page_id=132">Leer más&#8230;</a></p>
