{"id":140,"date":"2018-12-29T00:53:13","date_gmt":"2018-12-29T00:53:13","guid":{"rendered":"https:\/\/jaen.aisgan.org\/?page_id=140"},"modified":"2018-12-29T00:54:53","modified_gmt":"2018-12-29T00:54:53","slug":"con-los-valores","status":"publish","type":"page","link":"https:\/\/jaen.aisgan.org\/?page_id=140","title":{"rendered":"Con los Valores"},"content":{"rendered":"<p style=\"text-align: justify;\"><img loading=\"lazy\" decoding=\"async\" class=\"alignleft size-thumbnail wp-image-144\" src=\"https:\/\/jaen.aisgan.org\/wp-content\/uploads\/2018\/12\/Con-los-Valores-150x150.jpg\" alt=\"\" width=\"150\" height=\"150\" srcset=\"https:\/\/jaen.aisgan.org\/wp-content\/uploads\/2018\/12\/Con-los-Valores-150x150.jpg 150w, https:\/\/jaen.aisgan.org\/wp-content\/uploads\/2018\/12\/Con-los-Valores-100x100.jpg 100w\" sizes=\"auto, (max-width: 150px) 100vw, 150px\" \/>Lo manifestamos mediante:<\/p>\n<p style=\"text-align: justify;\">1.-\u00a0 La vivencia de los valores espirituales que emanan de la Ley y la Promesa scout y gu\u00eda.<\/p>\n<p style=\"text-align: justify;\">2.-\u00a0 El respeto ante cualquier manifestaci\u00f3n religiosa, espiritual o creencia de \u00edndole personal, siempre que no entre en conflicto con la \u00e9tica scout y gu\u00eda.<\/p>\n<p style=\"text-align: justify;\">3.- Una actitud espiritual comprometida<\/p>\n","protected":false},"excerpt":{"rendered":"<p>Lo manifestamos mediante: 1.-\u00a0 La vivencia de los valores espirituales que emanan de la Ley y la Promesa scout y gu\u00eda. 2.-\u00a0 El respeto ante cualquier manifestaci\u00f3n religiosa, espiritual o creencia de \u00edndole personal, siempre que no entre en conflicto con la \u00e9tica scout y gu\u00eda. 3.- Una actitud espiritual&#8230; <a class=\"continue-reading-link\" href=\"https:\/\/jaen.aisgan.org\/?page_id=140\">Leer m\u00e1s&#8230;<\/a><\/p>\n","protected":false},"author":6,"featured_media":0,"parent":0,"menu_order":0,"comment_status":"closed","ping_status":"closed","template":"","meta":{"ngg_post_thumbnail":0,"footnotes":""},"class_list":["post-140","page","type-page","status-publish","hentry"],"_links":{"self":[{"href":"https:\/\/jaen.aisgan.org\/index.php?rest_route=\/wp\/v2\/pages\/140","targetHints":{"allow":["GET"]}}],"collection":[{"href":"https:\/\/jaen.aisgan.org\/index.php?rest_route=\/wp\/v2\/pages"}],"about":[{"href":"https:\/\/jaen.aisgan.org\/index.php?rest_route=\/wp\/v2\/types\/page"}],"author":[{"embeddable":true,"href":"https:\/\/jaen.aisgan.org\/index.php?rest_route=\/wp\/v2\/users\/6"}],"replies":[{"embeddable":true,"href":"https:\/\/jaen.aisgan.org\/index.php?rest_route=%2Fwp%2Fv2%2Fcomments&post=140"}],"version-history":[{"count":3,"href":"https:\/\/jaen.aisgan.org\/index.php?rest_route=\/wp\/v2\/pages\/140\/revisions"}],"predecessor-version":[{"id":145,"href":"https:\/\/jaen.aisgan.org\/index.php?rest_route=\/wp\/v2\/pages\/140\/revisions\/145"}],"wp:attachment":[{"href":"https:\/\/jaen.aisgan.org\/index.php?rest_route=%2Fwp%2Fv2%2Fmedia&parent=140"}],"curies":[{"name":"wp","href":"https:\/\/api.w.org\/{rel}","templated":true}]}}

<p style="text-align: justify;"><img loading="lazy" decoding="async" class="alignleft size-thumbnail wp-image-144" src="https://jaen.aisgan.org/wp-content/uploads/2018/12/Con-los-Valores-150x150.jpg" alt="" width="150" height="150" srcset="https://jaen.aisgan.org/wp-content/uploads/2018/12/Con-los-Valores-150x150.jpg 150w, https://jaen.aisgan.org/wp-content/uploads/2018/12/Con-los-Valores-100x100.jpg 100w" sizes="auto, (max-width: 150px) 100vw, 150px" />Lo manifestamos mediante:</p>
<p style="text-align: justify;">1.-  La vivencia de los valores espirituales que emanan de la Ley y la Promesa scout y guía.</p>
<p style="text-align: justify;">2.-  El respeto ante cualquier manifestación religiosa, espiritual o creencia de índole personal, siempre que no entre en conflicto con la ética scout y guía.</p>
<p style="text-align: justify;">3.- Una actitud espiritual comprometida</p>

<p>Lo manifestamos mediante: 1.-  La vivencia de los valores espirituales que emanan de la Ley y la Promesa scout y guía. 2.-  El respeto ante cualquier manifestación religiosa, espiritual o creencia de índole personal, siempre que no entre en conflicto con la ética scout y guía. 3.- Una actitud espiritual&#8230; <a class="continue-reading-link" href="https://jaen.aisgan.org/?page_id=140">Leer más&#8230;</a></p>
