{"id":227,"date":"2019-01-08T18:13:06","date_gmt":"2019-01-08T18:13:06","guid":{"rendered":"https:\/\/jaen.aisgan.org\/?page_id=227"},"modified":"2019-01-08T18:13:06","modified_gmt":"2019-01-08T18:13:06","slug":"banco-filatelico","status":"publish","type":"page","link":"https:\/\/jaen.aisgan.org\/?page_id=227","title":{"rendered":"Banco Filat\u00e9lico"},"content":{"rendered":"<div id=\"main\">\n<div id=\"forbottom\">\n<section id=\"container\" class=\"two-columns-right\">\n<div id=\"content\" role=\"main\">\n<div id=\"post-610\" class=\"post-610 page type-page status-publish hentry\">\n<div class=\"entry-content\">\n<p style=\"text-align: justify;\"><img loading=\"lazy\" decoding=\"async\" class=\"alignleft wp-image-228 size-medium\" src=\"https:\/\/jaen.aisgan.org\/wp-content\/uploads\/2019\/01\/Stamp_Bank_manager-300x225.jpg\" alt=\"\" width=\"300\" height=\"225\" srcset=\"https:\/\/jaen.aisgan.org\/wp-content\/uploads\/2019\/01\/Stamp_Bank_manager-300x225.jpg 300w, https:\/\/jaen.aisgan.org\/wp-content\/uploads\/2019\/01\/Stamp_Bank_manager-150x113.jpg 150w, https:\/\/jaen.aisgan.org\/wp-content\/uploads\/2019\/01\/Stamp_Bank_manager.jpg 538w\" sizes=\"auto, (max-width: 300px) 100vw, 300px\" \/>En 1965, miembros de la guilda de Noruega decidieron recoger sellos usados para despu\u00e9s venderlos en apoyo del Escultismo y el Guidismo en cualquier parte del mundo. Desde entonces, las Asociaciones de Scouts y Gu\u00edas Adultos de todo el mundo y los grupos de la Rama Central, han establecido equipos dedicados al Banco Filat\u00e9lico para organizar la recogida, recorte, selecci\u00f3n y venta a nivel nacional. Los ingresos procedentes de las ventas se env\u00edan al Fondo de Desarrollo Internacional, encargado en la pr\u00e1ctica de proporcionar apoyo financiero al Escultismo y Guidismo.<\/p>\n<p style=\"text-align: justify;\">\u00bfC\u00f3mo organizar un Banco Filat\u00e9lico nacional?<\/p>\n<p style=\"text-align: justify;\">Cada miembro de ISGF-AISG puede recoger todo tipo de sellos usados, que pueden ser recuperados de cartas o postales provenientes de correspondencia personal o profesional, de tiendas, de hoteles o de cualquier otro lugar que reciba cualquier tipo de correspondencia con sellos.<\/p>\n<p style=\"text-align: justify;\">En cada Asociaci\u00f3n local deber\u00eda haber un miembro responsable de la organizaci\u00f3n, recorte y clasificaci\u00f3n de los sellos. Es una actividad perfecta para pasar una tarde en compa\u00f1\u00eda con un mont\u00f3n de tijeras sobre la mesa para cortar los sellos de los sobres. Al mismo tiempo se puede tener una agradable charla e intercambiar ideas o informaci\u00f3n.<\/p>\n<p style=\"text-align: justify;\">En las Asociaciones Nacionales deber\u00eda establecerse un equipo de trabajo dedicado al Banco Filat\u00e9lico, encargados de organizar la recogida de los sellos de las Asociaciones Locales y su posterior venta. El valor de los sellos puede ser muy diferente entre distintos pa\u00edses. El responsable del equipo nacional es el Gerente del Banco Filat\u00e9lico.<\/p>\n<p style=\"text-align: justify;\">Los sellos se venden en eventos de la Amistad Scout y Gu\u00eda, exhibiciones y subastas. A continuaci\u00f3n se muestra una foto de la carpa de informaci\u00f3n ISGF en el Jamboree Scout Mundial en Suecia, en julio de 2011.<\/p>\n<\/div>\n<\/div>\n<\/div>\n<\/section>\n<\/div>\n<\/div>\n","protected":false},"excerpt":{"rendered":"<p>En 1965, miembros de la guilda de Noruega decidieron recoger sellos usados para despu\u00e9s venderlos en apoyo del Escultismo y el Guidismo en cualquier parte del mundo. Desde entonces, las Asociaciones de Scouts y Gu\u00edas Adultos de todo el mundo y los grupos de la Rama Central, han establecido equipos&#8230; <a class=\"continue-reading-link\" href=\"https:\/\/jaen.aisgan.org\/?page_id=227\">Leer m\u00e1s&#8230;<\/a><\/p>\n","protected":false},"author":6,"featured_media":0,"parent":223,"menu_order":0,"comment_status":"closed","ping_status":"closed","template":"","meta":{"ngg_post_thumbnail":0,"footnotes":""},"class_list":["post-227","page","type-page","status-publish","hentry"],"_links":{"self":[{"href":"https:\/\/jaen.aisgan.org\/index.php?rest_route=\/wp\/v2\/pages\/227","targetHints":{"allow":["GET"]}}],"collection":[{"href":"https:\/\/jaen.aisgan.org\/index.php?rest_route=\/wp\/v2\/pages"}],"about":[{"href":"https:\/\/jaen.aisgan.org\/index.php?rest_route=\/wp\/v2\/types\/page"}],"author":[{"embeddable":true,"href":"https:\/\/jaen.aisgan.org\/index.php?rest_route=\/wp\/v2\/users\/6"}],"replies":[{"embeddable":true,"href":"https:\/\/jaen.aisgan.org\/index.php?rest_route=%2Fwp%2Fv2%2Fcomments&post=227"}],"version-history":[{"count":1,"href":"https:\/\/jaen.aisgan.org\/index.php?rest_route=\/wp\/v2\/pages\/227\/revisions"}],"predecessor-version":[{"id":229,"href":"https:\/\/jaen.aisgan.org\/index.php?rest_route=\/wp\/v2\/pages\/227\/revisions\/229"}],"up":[{"embeddable":true,"href":"https:\/\/jaen.aisgan.org\/index.php?rest_route=\/wp\/v2\/pages\/223"}],"wp:attachment":[{"href":"https:\/\/jaen.aisgan.org\/index.php?rest_route=%2Fwp%2Fv2%2Fmedia&parent=227"}],"curies":[{"name":"wp","href":"https:\/\/api.w.org\/{rel}","templated":true}]}}